the remainder when 386 is divided by 50?
36
Calculate the remainder when 187 is divided by 82.
23
What is the remainder when 629 is divided by 600?
29
What is the remainder when 610 is divided by 17?
15
Calculate the remainder when 308 is divided by 169.
139
What is the remainder when 1040 is divided by 517?
6
Calculate the remainder when 475 is divided by 152.
19
What is the remainder when 70 is divided by 8?
6
What is the remainder when 113 is divided by 16?
1
Calculate the remainder when 127 is divided by 69.
58
Calculate the remainder when 465 is divided by 36.
33
Calculate the remainder when 17 is divided by 13.
4
Calculate the remainder when 1111 is divided by 265.
51
Calculate the remainder when 683 is divided by 36.
35
What is the remainder when 579 is divided by 97?
94
What is the remainder when 79 is divided by 24?
7
What is the remainder when 119 is divided by 19?
5
What is the remainder when 84 is divided by 15?
9
What is the remainder when 114 is divided by 29?
27
Calculate the remainder when 76 is divided by 20.
16
Calculate the remainder when 103 is divided by 26.
25
What is the remainder when 1890 is divided by 630?
0
What is the remainder when 362 is divided by 73?
70
What is the remainder when 308 is divided by 30?
8
Calculate the remainder when 390 is divided by 100.
90
What is the remainder when 7699 is divided by 36?
31
Calculate the remainder when 143 is divided by 81.
62
What is the remainder when 272 is divided by 116?
40
What is the remainder when 311 is divided by 9?
5
What is the remainder when 373 is divided by 98?
79
Calculate the remainder when 28 is divided by 5.
3
What is the remainder when 1187 is divided by 29?
27
What is the remainder when 6376 is divided by 145?
141
What is the remainder when 2731 is divided by 74?
67
What is the remainder when 77 is divided by 40?
37
What is the remainder when 4488 is divided by 112?
8
What is the remainder when 486 is divided by 59?
14
What is the remainder when 209 is divided by 59?
32
What is the remainder when 862 is divided by 96?
94
What is the remainder when 492 is divided by 270?
222
Calculate the remainder when 4087 is divided by 132.
127
Calculate the remainder when 644 is divided by 54.
50
Calculate the remainder when 766 is divided by 12.
10
What is the remainder when 102 is divided by 26?
24
Calculate the remainder when 50 is divided by 2.
0
What is the remainder when 13514 is divided by 31?
29
Calculate the remainder when 4541 is divided by 59.
57
Calculate the remainder when 391 is divided by 58.
43
What is the remainder when 12218 is divided by 6108?
2
What is the remainder when 407 is divided by 133?
8
Calculate the remainder when 20128 is divided by 22.
20
What is the remainder when 3226 is divided by 190?
186
What is the remainder when 753 is divided by 55?
38
What is the remainder when 175 is divided by 88?
87
What is the remainder when 191 is divided by 132?
59
What is the remainder when 583 is divided by 88?
55
Calculate the remainder when 1441 is divided by 19.
16
Calculate the remainder when 207 is divided by 107.
100
Calculate the remainder when 3211 is divided by 189.
187
What is the remainder when 421 is divided by 67?
19
What is the remainder when 296 is divided by 13?
10
What is the remainder when 347 is divided by 87?
86
Calculate the remainder when 213 is divided by 8.
5
Calculate the remainder when 167 is divided by 43.
38
What is the remainder when 291 is divided by 75?
66
Calculate the remainder when 322 is divided by 54.
52
Calculate the remainder when 26557 is divided by 14.
13
Calculate the remainder when 160 is divided by 134.
26
Calculate the remainder when 422 is divided by 96.
38
What is the remainder when 61 is divided by 48?
13
What is the remainder when 167 is divided by 60?
47
Calculate the remainder when 960 is divided by 26.
24
Calculate the remainder when 10 is divided by 2.
0
Calculate the remainder when 338 is divided by 11.
8
What is the remainder when 216 is divided by 197?
19
Calculate the remainder when 2548 is divided by 632.
20
What is the remainder when 184 is divided by 86?
12
What is the remainder when 1055 is divided by 20?
15
Calculate the remainder when 52 is divided by 10.
2
What is the remainder when 25 is divided by 12?
1
Calculate the remainder when 129 is divided by 13.
12
Calculate the remainder when 475 is divided by 30.
25
Calculate the remainder when 1217 is divided by 53.
51
What is the remainder when 305 is divided by 11?
8
Calculate the remainder when 1427 is divided by 26.
23
Calculate the remainder when 18205 is divided by 51.
49
Calculate the remainder when 1308 is divided by 19.
16
Calculate the remainder when 104 is divided by 9.
5
What is the remainder when 151 is divided by 22?
19
Calculate the remainder when 34 is divided by 9.
7
What is the remainder when 27 is divided by 12?
3
What is the remainder when 79130 is divided by 146?
144
Calculate the remainder when 86 is divided by 11.
9
Calculate the remainder when 5992 is divided by 24.
16
What is the remainder when 79 is divided by 23?
10
What is the remainder when 5854 is divided by 344?
6
Calculate the remainder when 89 is divided by 9.
8
Calculate the remainder when 132 is divided by 17.
13
What is the remainder when 192 is divided by 2?
0
Calculate the remainder when 3278 is divided by 8.
6
What is the remainder when 1290 is divided by 162?
156
What is the remainder when 316 is divided by 107?
102
Calculate the remainder when 24273 is divided by 25.
23
Calculate the remainder when 82 is divided by 14.
12
What is the remainder when 127 is divided by 30?
7
What is the remainder when 74 is divided by 57?
17
Calculate the remainder when 89 is divided by 11.
1
What is the remainder when 74 is divided by 16?
10
What is the remainder when 106 is divided by 29?
19
What is the remainder when 4532 is divided by 376?
20
Calculate the remainder when 2181 is divided by 6.
3
What is the remainder when 170 is divided by 32?
10
Calculate the remainder when 61 is divided by 5.
1
What is the remainder when 211 is divided by 69?
4
What is the remainder when 267 is divided by 131?
5
What is the remainder when 142 is divided by 52?
38
What is the remainder when 1852 is divided by 18?
16
Calculate the remainder when 6166 is divided by 17.
12
Calculate the remainder when 1600 is divided by 74.
46
What is the remainder when 320 is divided by 175?
145
Calculate the remainder when 83 is divided by 74.
9
Calculate the remainder when 3487 is divided by 6.
1
Calculate the remainder when 1478 is divided by 62.
52
Calculate the remainder when 1296 is divided by 130.
126
What is the remainder when 416 is divided by 35?
31
Calculate the remainder when 5263 is divided by 56.
55
What is the remainder when 299 is divided by 161?
138
What is the remainder when 757 is divided by 70?
57
What is the remainder when 22495 is divided by 38?
37
Calculate the remainder when 567 is divided by 38.
35
Calculate the remainder when 1839 is divided by 16.
15
What is the remainder when 2881 is divided by 573?
16
Calculate the remainder when 4077 is divided by 16.
13
Calculate the remainder when 279 is divided by 94.
91
Calculate the remainder when 592 is divided by 195.
7
What is the remainder when 883 is divided by 146?
7
What is the remainder when 79 is divided by 4?
3
What is the remainder when 374 is divided by 46?
6
Calculate the remainder when 153 is divided by 10.
3
Calculate the remainder when 1384 is divided by 1383.
1
What is the remainder when 4944 is divided by 55?
49
Calculate the remainder when 268 is divided by 129.
10
Calculate the remainder when 164 is divided by 18.
2
Calculate the remainder when 66 is divided by 14.
10
What is the remainder when 197 is divided by 10?
7
What is the remainder when 573 is divided by 72?
69
What is the remainder when 26 is divided by 9?
8
What is the remainder when 1259 is divided by 14?
13
What is the remainder when 19194 is divided by 11?
10
What is the remainder when 3401 is divided by 30?
11
What is the remainder when 27 is divided by 9?
0
Calculate the remainder when 221 is divided by 28.
25
Calculate the remainder when 82 is divided by 21.
19
What is the remainder when 77 is divided by 25?
2
Calculate the remainder when 348 is divi